 common divisor of 49 and p.
7
Let g(j) = 2*j**2 - 19*j - 8. Let h = 43 - 33. Let r be g(h). Calculate the highest common divisor of 6 and r.
2
Suppose -4*g + 905 + 27 = 0. Suppose 65 - g = -k. What is the greatest common divisor of 21 and k?
21
Let i(q) = -7*q + 412. Let x be i(29). Calculate the greatest common divisor of 55 and x.
11
Let p(k) = -11*k - 2 - 7 + 5. Let s be p(-3). Calculate the greatest common factor of 29 and s.
29
Let l = 36 - 24. Suppose 17*f - 21*f = -l. What is the greatest common factor of f and 12?
3
Let o be (-1)/1 - (17 + -20). Let b(a) = -600*a. Let c be b(-1). Suppose -o*x + c = 3*x. What is the highest common divisor of x and 48?
24
Let r(s) = s. Let a be r(6). Let q(n) = n**3 + 6*n**2 - n - 7. Let v be q(-6). Let g be (-50 - -1)*v - 1. What is the highest common divisor of g and a?
6
Let w be 3 - 8/((-2)/1). Let o be ((-2)/5)/(w/(-105)). Calculate the greatest common divisor of 42 and o.
6
Let j = -87 - -177. Let r(q) = q**3 + 5*q**2 + q. Let m be r(-2). What is the greatest common factor of j and m?
10
Suppose -107*j = -112*j + 5985. What is the highest common factor of 63 and j?
63
Suppose 0 = -3*l - 0*l + 15. Suppose -l*t + 280 = -3*b + 5*b, t = -b + 53. What is the highest common divisor of 87 and t?
29
Let m be (-1 - 56/(-2)) + 17 + -22. What is the highest common divisor of 143 and m?
11
Suppose -3190 = -5*r - 5*p, -2015 - 1169 = -5*r - 2*p. Calculate the highest common factor of r and 12.
12
Let i be (-850)/(-51)*(228/(-8))/(-1). What is the greatest common divisor of i and 76?
19
Suppose -7*a = -10*a + 3*k + 729, 0 = -4*k + 8. Calculate the greatest common divisor of 5 and a.
5
Suppose 21 = 4*p + 5*a, 0*a = -4*p + 3*a + 13. Suppose -p*c = -c - 48. What is the greatest common factor of c and 80?
16
Let g be 15/(-6)*8/(-4). Suppose 8 = x + g*m - 6, -4*x + 3*m + 33 = 0. Let u = 92 - 20. What is the greatest common factor of x and u?
9
Suppose 12969 = 100*s - 10031. Calculate the highest common divisor of s and 40.
10
Let l = -185 + 335. Calculate the highest common factor of 675 and l.
75
Suppose -3*s = 3*g - 39, s + 3*g = 12 + 11. Let m = -5 + s. Let d be 3 - (-1 + m - 8). What is the greatest common factor of 1 and d?
1
Let z be (((-147)/343)/(6/7))/((-2)/84). Let u be -1 + 212/((-4)/(-2)). Calculate the greatest common factor of z and u.
21
Let f(r) = -8*r + 320. Let p be f(34). What is the highest common divisor of p and 768?
48
Let x be 6*((-69)/18 + 4) + 6. Calculate the greatest common factor of x and 161.
7
Let x be -1*9/3 - -8. Suppose -3*l - 43 = -a, 5*a - 3*a + l - 79 = 0. Calculate the greatest common factor of a and x.
5
Let v(b) = b**2 + 10*b + 33. Let y be v(-6). Calculate the highest common divisor of 36 and y.
9
Suppose -3*v + 16 = -17. Suppose j = 3*c - 2*j - 3, c - v = -4*j. Let m be (-4 - (0 - 2)) + 5. Calculate the greatest common factor of c and m.
3
Let f be (3744/(-390))/((-6)/70). What is the highest common factor of f and 1008?
112
Let a = 485 - 386. Let n be -22*((-15)/(-6))/(-5). What is the greatest common factor of n and a?
11
Let l(c) = -6*c**3 + 4*c**3 + 7*c - 5*c**2 + 3*c**3 - 3. Let n be l(6). Calculate the highest common divisor of n and 30.
15
Let l be (7 + -3)/(-4) + 3 + 270. What is the greatest common factor of l and 34?
34
Suppose -791*b + 162 = -788*b. Suppose 3*j - 11 - 7 = 0. Calculate the greatest common factor of j and b.
6
Let z(k) = k**3 - 3*k**2 - 11*k - 11. Let n be z(6). Let h be (0 + 1)/(3 + 2597/(-868)). Calculate the highest common divisor of n and h.
31
Let l(o) = o + 6. Let m(t) = -t**2 - 9*t - 6. Let b be m(-9). Let w be l(b). Suppose -3*n + 9 + 99 = w. Calculate the greatest common factor of n and 12.
12
Let p = -223 - -287. Calculate the greatest common factor of 736 and p.
32
Let g(p) = p**3 - 10*p**2 + 41*p - 52. Let l be g(12). Calculate the highest common factor of 56 and l.
56
Suppose t - 4*p - 100 = 0, 142 + 193 = 4*t - 3*p. Suppose 54*g = 57*g - 48. Calculate the highest common factor of t and g.
16
Let x = 82 - 73. Let s(a) = -a**3 + 10*a**2 - 8*a. Let b be s(x). Calculate the highest common factor of 81 and b.
9
Let y = 13 + -9. Suppose -4*k + 3*k = -12. What is the highest common divisor of y and k?
4
Let k(l) = -l**3 + 3*l**2 - 4*l - 5. Let x be k(5). Let i = x + 80. What is the greatest common factor of i and 20?
5
Let v(i) = i**2 - 10*i - 4. Let f be v(10). Let z be 9/(-2)*f*1. Let q = 367 - 205. Calculate the highest common divisor of z and q.
18
Let x be 4300/16 + 6*(-6)/48. What is the highest common factor of x and 4?
4
Let u(s) = 251*s + 101. Let p be u(3). What is the highest common divisor of 14 and p?
14
Let r(g) = -g**3 + 8*g**2 - 10*g - 2. Let h = 51 + -45. Let s be r(h). Calculate the highest common divisor of 15 and s.
5
Let p be 74/4*-14*(-314)/1099. What is the highest common divisor of p and 3478?
74
Suppose -4*g + 12 = s, 5*s + 16 = -0*g - g. Suppose -4*t + 8*t - 16 = -4*x, 0 = 5*t + g*x - 18. Calculate the greatest common factor of 3 and t.
1
Let s(n) = 3*n**2 - 36*n + 18. Suppose 0 = 4*k + 3*b - 48, -k - 3*k + 48 = -5*b. Let g be s(k). What is the greatest common divisor of 45 and g?
9
Let o(a) = 27*a - 13. Let s be o(7). Let d(f) = f + 17. Let b be d(0). Suppose 1 = -k + b. What is the greatest common divisor of s and k?
16
Suppose 0*k + 29 = 2*m - 5*k, -2*m = 4*k + 16. Let x be (0 + 20)/m - -4. What is the highest common factor of 35 and x?
7
Let y be -3 + 336/5 + (-4)/20. What is the greatest common factor of 96 and y?
32
Suppose j - m - 19 = 38, 4*m = j - 60. What is the greatest common factor of 8 and j?
8
Let j = -57 - -60. Suppose -j*t = -4 + 13, -2040 = -5*b + 5*t. Calculate the greatest common factor of 45 and b.
45
Suppose 0 = 2*c - 6 + 56. Let i be 0 + ((-1)/(4/12) - c). What is the greatest common factor of i and 77?
11
Let q(l) = l**3 - 2*l**2 + 4*l + 8. Let d be q(4). What is the highest common divisor of 24 and d?
8
Suppose -46 = -5*l - 4*u, l - 3 - 5 = -2*u. Calculate the highest common factor of l and 320.
10
Let v be 210/60*((-6)/7)/(-1). Let a(f) = -17*f**3 + f**2 - 1. Let k be a(-1). Let u = -2 + k. What is the greatest common factor of v and u?
3
Suppose -4*f + 80 = 2*o, 0 = -2*o + 2*f + 83 - 9. Calculate the greatest common factor of 4 and o.
2
Let g(f) = -13*f**2 + 3 + 10*f**2 + 6*f**2. Let t be g(2). Calculate the greatest common factor of t and 30.
15
Let x(l) = l**2 + 12*l + 11. Let d be x(-11). Suppose 2*c = 6*c - 2*m - 28, d = -3*m - 6. Calculate the highest common factor of c and 24.
6
Suppose 2*o + h = -2*o - 20, -5*o - 12 = -2*h. Let m be o - (-14 + (2 - -1)). Calculate the highest common divisor of m and 63.
7
Suppose -476 = -15*l + 94. What is the highest common divisor of 6 and l?
2
Let z(k) = 25*k - 37. Let m be z(4). Let j = -58 + 72. What is the highest common factor of j and m?
7
Let j = 127 + -79. Calculate the highest common divisor of 56 and j.
8
Suppose c + 2*j = 6*c - 32, -4*c + 26 = -2*j. Let m be ((-8)/c)/(28/(-294)). Calculate the greatest common divisor of m and 28.
14
Let v(g) = g**3 - g**2 + g. Let u be v(1). Let p be 55/20*12/3. What is the highest common factor of u and p?
1
Let p(d) = -d**2 + 10*d - 14. Let b be p(6). Let o(i) = i**3 - 11*i**2 + 29*i - 5. Let w be o(7). Calculate the highest common divisor of w and b.
2
Suppose 241*l - 96 = 237*l. Calculate the highest common factor of l and 24.
24
Let q be (-536)/(-10) - (-24)/60. Suppose -3*s + q = -s. What is the highest common factor of s and 9?
9
Let o = -27 - -23. Let u be (10 + -12)/((-4)/14). Let y be u*((-1090)/(-35) + o). Calculate the greatest common factor of 19 and y.
19
Let p(f) = 34*f + 9. Let s be p(6). Suppose 3*q + 69 - s = 0. Let b(r) = 4*r. Let z be b(3). Calculate the greatest common divisor of q and z.
12
Let v = 116 - 84. Let j(x) = -x**2 + 25*x - 74. Let d be j(19). Calculate the highest common factor of d and v.
8
Suppose -8*n + 13*n = 3*m - 272, 4*m - 2*n - 344 = 0. What is the highest common divisor of 126 and m?
42
Let t = -31 + 25. Let d(z) = -z**2 - 14*z - 15. Let f be d(t). Suppose -11 = -6*y + 55. Calculate the greatest common divisor of y and f.
11
Let i = -53 + 43. Let y be 1 - 0 - i*30. Calculate the highest common divisor of y and 43.
43
Let n = 298 + -738. Let x = n - -678. Let 